{"id":8912,"date":"2026-01-08T19:46:15","date_gmt":"2026-01-08T17:46:15","guid":{"rendered":"https:\/\/www.gimnasticna-zveza.si\/?page_id=8912"},"modified":"2026-01-15T19:50:43","modified_gmt":"2026-01-15T17:50:43","slug":"sportnik-leta-2025","status":"publish","type":"page","link":"https:\/\/www.gimnasticna-zveza.si\/index.php\/sportnik-leta-2025\/","title":{"rendered":"\u0160portni leta slovenske gimnastike 2025"},"content":{"rendered":"<div class=\"wpb-content-wrapper\"><p>[vc_row][vc_column][vc_empty_space height=&#8221;22&#8243;][\/vc_column][\/vc_row][vc_row][vc_column][vc_column_text css=&#8221;&#8221;]Spo\u0161tovani nagrajenci, \u010dlani reprezentance in prijatelji gimnastike,<\/p>\n<p>vljudno vas vabimo na prireditev <strong>\u0160portnik leta slovenske gimnastike, ki bo v petek, 23. januarja 2026 na Ljubljanskem gradu, v Stanovski dvorani.<\/strong><\/p>\n<p>Poslali smo dve razli\u010dici vabili, prejeli pa ste vabilo za del, pri katerem upamo, da se nam boste pridru\u017eili. \u010ce so na prvi del vabljene mladoletne osebe, lahko to osebo spremlja odrasla oseba, druga\u010de pa vabilo velja za eno osebo. Vse nagrajence vljudno prosimo, da se usedejo tako, da bodo lahko \u010dim hitreje pri\u0161li prevzeli priznanje na odru in tako omogo\u010dili nemoten potek prireditve. Za to se vsem \u017ee vnaprej zahvaljujemo.<\/p>\n<p>Nagrajenci, predsedniki dru\u0161tev, organi Gimnasti\u010dne zveze Slovenije ter predstavniki sponzorjev so vabljeni <strong>ob 19. uri<\/strong> na uradni del, kjer bomo podelili priznanja najuspe\u0161nej\u0161im \u0161portnikom, strokovnim delavcem in dru\u0161tvu gimnastike za vse preteklega leta ter razglasili \u010dlane reprezentanc slovenske gimnastike za leto 2026.<\/p>\n<p><strong>Ob 20. uri<\/strong> so na dogodek vabljeni poslovni partnerji in drugi prijatelji gimnastike.<\/p>\n<p>Do <strong>20.30 <\/strong>ure, ko se bo pri\u010del <strong>nastop slovenske pevke in pianistke Jane \u0160u\u0161ter\u0161i\u010d, <\/strong>bo potekala pogostitev<strong>.<\/strong>[\/vc_column_text][\/vc_column][\/vc_row][vc_row][vc_column][vc_gallery interval=&#8221;3&#8243; images=&#8221;8921,8920&#8243; img_size=&#8221;large&#8221; css=&#8221;&#8221;][\/vc_column][\/vc_row][vc_row][vc_column][vc_column_text css=&#8221;&#8221;]Za pogostitev po uradnem delu bo poskrbelo podjetje CateringLab, zato vas prosimo, da ob potrditvi prisotnosti prosim navedite tudi morebitno intoleranco na hrano ali alergijo.<\/p>\n<p>Zaradi omejenega parkirnega prostora na gradu smo za vse vabljene organizirali prevoz.\u00a0Vsi, ki so vabljeni na prvi uradni del, imajo mo\u017enost avtobusnega prevoza ob 18. uri. Avtobus mestnega prometa (26 sedi\u0161\u010d in 76 stoji\u0161\u010d) bo odpeljal s postajali\u0161\u010da (neko\u010d kon\u010dna postaja linije \u0161t. 1) na Koprski ulici, nasproti Gimnasti\u010dnega centra Ljubljana, do parkiri\u0161\u010da na Ljubljanskem gradu. Ta vas bo na istem mestu ponovno \u010dakal ob 23. uri in pripeljal nazaj na kraj odhoda.<\/p>\n<p>\u010ce sta vabljeni na Ljubljanski grad ob 20. uri, vas bo isti avtobus \u010dakal na zgoraj navedenem postajali\u0161\u010du ob 19.30 uri. Avtobus, za povratek nazaj, vas bo \u010dakal na Ljubljanskem gradu ob 23.45 uri.[\/vc_column_text][\/vc_column][\/vc_row][vc_row][vc_column][vc_gallery interval=&#8221;3&#8243; images=&#8221;8919,8922&#8243; img_size=&#8221;full&#8221; css=&#8221;&#8221;][\/vc_column][\/vc_row][vc_row][vc_column][vc_column_text css=&#8221;&#8221;]Na Ljubljanski grad lahko pridete tudi s tirno vzpenja\u010do. Ob nakupu vozovnice predlo\u017eite vabilo na dogodek in dobili boste ceno vstopnice za skupine (cena povratne vstopnice je 4,50 EUR). Zadnja vzpenja\u010da gre z gradu ob 23. uri.<\/p>\n<p>Vljudno vas prosimo, da svojo prisotnost potrdite najkasneje do <strong>torka, 20. januarja 2026<\/strong>, preko povezave <a href=\"https:\/\/forms.gle\/PX3sUQAj2Jh9Cya6A\">https:\/\/forms.gle\/PX3sUQAj2Jh9Cya6A<\/a>.<\/p>\n<p>S potrditvijo prisotnosti izrazite tudi strinjanje, da lahko fotografije, na katerih boste vi, objavimo na na\u0161ih socialnih omre\u017ejih.<\/p>\n<p>Vljudno vabljeni.<\/p>\n<p>Miha Mermal<\/p>\n<p>predsednik Gimnasti\u010dne zveze Slovenije[\/vc_column_text][\/vc_column][\/vc_row][vc_row][vc_column]<div class=\"photo_box  without-desc\"><\/div>\n[\/vc_column][\/vc_row]<\/p>\n<\/div>","protected":false},"excerpt":{"rendered":"<p>[vc_row][vc_column][vc_empty_space height=&#8221;22&#8243;][\/vc_column][\/vc_row][vc_row][vc_column][vc_column_text css=&#8221;&#8221;]Spo\u0161tovani nagrajenci, \u010dlani reprezentance in prijatelji gimnastike, vljudno<span class=\"excerpt-hellip\"> [\u2026]<\/span><\/p>\n","protected":false},"author":3,"featured_media":-1,"parent":0,"menu_order":0,"comment_status":"closed","ping_status":"closed","template":"","meta":{"_monsterinsights_skip_tracking":false,"_monsterinsights_sitenote_active":false,"_monsterinsights_sitenote_note":"","_monsterinsights_sitenote_category":0,"footnotes":""},"class_list":["post-8912","page","type-page","status-publish","has-post-thumbnail","hentry"],"_links":{"self":[{"href":"https:\/\/www.gimnasticna-zveza.si\/index.php\/wp-json\/wp\/v2\/pages\/8912","targetHints":{"allow":["GET"]}}],"collection":[{"href":"https:\/\/www.gimnasticna-zveza.si\/index.php\/wp-json\/wp\/v2\/pages"}],"about":[{"href":"https:\/\/www.gimnasticna-zveza.si\/index.php\/wp-json\/wp\/v2\/types\/page"}],"author":[{"embeddable":true,"href":"https:\/\/www.gimnasticna-zveza.si\/index.php\/wp-json\/wp\/v2\/users\/3"}],"replies":[{"embeddable":true,"href":"https:\/\/www.gimnasticna-zveza.si\/index.php\/wp-json\/wp\/v2\/comments?post=8912"}],"version-history":[{"count":11,"href":"https:\/\/www.gimnasticna-zveza.si\/index.php\/wp-json\/wp\/v2\/pages\/8912\/revisions"}],"predecessor-version":[{"id":9024,"href":"https:\/\/www.gimnasticna-zveza.si\/index.php\/wp-json\/wp\/v2\/pages\/8912\/revisions\/9024"}],"wp:featuredmedia":[{"embeddable":true,"href":"https:\/\/www.gimnasticna-zveza.si\/index.php\/wp-json\/"}],"wp:attachment":[{"href":"https:\/\/www.gimnasticna-zveza.si\/index.php\/wp-json\/wp\/v2\/media?parent=8912"}],"curies":[{"name":"wp","href":"https:\/\/api.w.org\/{rel}","templated":true}]}}

Športni leta slovenske gimnastike 2025

<div class="wpb-content-wrapper"><p>[vc_row][vc_column][vc_empty_space height=&#8221;22&#8243;][/vc_column][/vc_row][vc_row][vc_column][vc_column_text css=&#8221;&#8221;]Spoštovani nagrajenci, člani reprezentance in prijatelji gimnastike,</p>
<p>vljudno vas vabimo na prireditev <strong>Športnik leta slovenske gimnastike, ki bo v petek, 23. januarja 2026 na Ljubljanskem gradu, v Stanovski dvorani.</strong></p>
<p>Poslali smo dve različici vabili, prejeli pa ste vabilo za del, pri katerem upamo, da se nam boste pridružili. Če so na prvi del vabljene mladoletne osebe, lahko to osebo spremlja odrasla oseba, drugače pa vabilo velja za eno osebo. Vse nagrajence vljudno prosimo, da se usedejo tako, da bodo lahko čim hitreje prišli prevzeli priznanje na odru in tako omogočili nemoten potek prireditve. Za to se vsem že vnaprej zahvaljujemo.</p>
<p>Nagrajenci, predsedniki društev, organi Gimnastične zveze Slovenije ter predstavniki sponzorjev so vabljeni <strong>ob 19. uri</strong> na uradni del, kjer bomo podelili priznanja najuspešnejšim športnikom, strokovnim delavcem in društvu gimnastike za vse preteklega leta ter razglasili člane reprezentanc slovenske gimnastike za leto 2026.</p>
<p><strong>Ob 20. uri</strong> so na dogodek vabljeni poslovni partnerji in drugi prijatelji gimnastike.</p>
<p>Do <strong>20.30 </strong>ure, ko se bo pričel <strong>nastop slovenske pevke in pianistke Jane Šušteršič, </strong>bo potekala pogostitev<strong>.</strong>[/vc_column_text][/vc_column][/vc_row][vc_row][vc_column][vc_gallery interval=&#8221;3&#8243; images=&#8221;8921,8920&#8243; img_size=&#8221;large&#8221; css=&#8221;&#8221;][/vc_column][/vc_row][vc_row][vc_column][vc_column_text css=&#8221;&#8221;]Za pogostitev po uradnem delu bo poskrbelo podjetje CateringLab, zato vas prosimo, da ob potrditvi prisotnosti prosim navedite tudi morebitno intoleranco na hrano ali alergijo.</p>
<p>Zaradi omejenega parkirnega prostora na gradu smo za vse vabljene organizirali prevoz. Vsi, ki so vabljeni na prvi uradni del, imajo možnost avtobusnega prevoza ob 18. uri. Avtobus mestnega prometa (26 sedišč in 76 stojišč) bo odpeljal s postajališča (nekoč končna postaja linije št. 1) na Koprski ulici, nasproti Gimnastičnega centra Ljubljana, do parkirišča na Ljubljanskem gradu. Ta vas bo na istem mestu ponovno čakal ob 23. uri in pripeljal nazaj na kraj odhoda.</p>
<p>Če sta vabljeni na Ljubljanski grad ob 20. uri, vas bo isti avtobus čakal na zgoraj navedenem postajališču ob 19.30 uri. Avtobus, za povratek nazaj, vas bo čakal na Ljubljanskem gradu ob 23.45 uri.[/vc_column_text][/vc_column][/vc_row][vc_row][vc_column][vc_gallery interval=&#8221;3&#8243; images=&#8221;8919,8922&#8243; img_size=&#8221;full&#8221; css=&#8221;&#8221;][/vc_column][/vc_row][vc_row][vc_column][vc_column_text css=&#8221;&#8221;]Na Ljubljanski grad lahko pridete tudi s tirno vzpenjačo. Ob nakupu vozovnice predložite vabilo na dogodek in dobili boste ceno vstopnice za skupine (cena povratne vstopnice je 4,50 EUR). Zadnja vzpenjača gre z gradu ob 23. uri.</p>
<p>Vljudno vas prosimo, da svojo prisotnost potrdite najkasneje do <strong>torka, 20. januarja 2026</strong>, preko povezave <a href="https://forms.gle/PX3sUQAj2Jh9Cya6A">https://forms.gle/PX3sUQAj2Jh9Cya6A</a>.</p>
<p>S potrditvijo prisotnosti izrazite tudi strinjanje, da lahko fotografije, na katerih boste vi, objavimo na naših socialnih omrežjih.</p>
<p>Vljudno vabljeni.</p>
<p>Miha Mermal</p>
<p>predsednik Gimnastične zveze Slovenije[/vc_column_text][/vc_column][/vc_row][vc_row][vc_column]<div class="photo_box  without-desc"></div>
[/vc_column][/vc_row]</p>
</div>

<p>[vc_row][vc_column][vc_empty_space height=&#8221;22&#8243;][/vc_column][/vc_row][vc_row][vc_column][vc_column_text css=&#8221;&#8221;]Spoštovani nagrajenci, člani reprezentance in prijatelji gimnastike, vljudno<span class="excerpt-hellip"> […]</span></p>
